sands digit of 55596198?
5
What is the tens digit of 794408598?
9
What is the hundred thousands digit of 113069986?
0
What is the hundred millions digit of 2435484452?
4
What is the hundred thousands digit of 113908656?
9
What is the units digit of 2778896822?
2
What is the hundred millions digit of 2079508419?
0
What is the hundreds digit of 528764765?
7
What is the hundred millions digit of 2990342483?
9
What is the ten thousands digit of 290918803?
1
What is the hundred millions digit of 139702061?
1
What is the tens digit of 133790849?
4
What is the hundred thousands digit of 24669124?
6
What is the units digit of 1532162168?
8
What is the ten thousands digit of 159534106?
3
What is the hundred thousands digit of 4936345217?
3
What is the ten thousands digit of 102890518?
9
What is the millions digit of 5484075885?
4
What is the hundreds digit of 44381339?
3
What is the thousands digit of 1107638504?
8
What is the tens digit of 248365195?
9
What is the hundred thousands digit of 1594587111?
5
What is the ten thousands digit of 2813416892?
1
What is the ten thousands digit of 88484235?
8
What is the hundreds digit of 185839116?
1
What is the ten millions digit of 572325156?
7
What is the hundreds digit of 23189823?
8
What is the hundreds digit of 60741159?
1
What is the ten thousands digit of 119648054?
4
What is the ten millions digit of 1384580894?
8
What is the thousands digit of 17441482?
1
What is the hundred millions digit of 1768047205?
7
What is the ten millions digit of 35587235?
3
What is the hundred thousands digit of 1164274721?
2
What is the tens digit of 1193584810?
1
What is the hundred thousands digit of 23832463?
8
What is the ten millions digit of 1042683102?
4
What is the hundred thousands digit of 24415253?
4
What is the hundred millions digit of 279892044?
2
What is the hundred thousands digit of 70095932?
0
What is the hundred thousands digit of 47847995?
8
What is the units digit of 69256122?
2
What is the ten thousands digit of 89539202?
3
What is the millions digit of 1014700544?
4
What is the hundreds digit of 295128913?
9
What is the ten thousands digit of 3886954408?
5
What is the hundreds digit of 2292997846?
8
What is the ten millions digit of 61558371?
6
What is the thousands digit of 238858299?
8
What is the hundreds digit of 127845052?
0
What is the thousands digit of 800990235?
0
What is the units digit of 418191066?
6
What is the billions digit of 2909641084?
2
What is the thousands digit of 1265815579?
5
What is the hundred thousands digit of 122651716?
6
What is the thousands digit of 199157455?
7
What is the tens digit of 104514280?
8
What is the ten thousands digit of 170198249?
9
What is the thousands digit of 108178203?
8
What is the hundred thousands digit of 3584511810?
5
What is the millions digit of 807843660?
7
What is the ten millions digit of 712577744?
1
What is the thousands digit of 1345443232?
3
What is the tens digit of 43001299?
9
What is the units digit of 3338438?
8
What is the ten millions digit of 97275560?
9
What is the ten millions digit of 588624194?
8
What is the ten millions digit of 124172137?
2
What is the hundreds digit of 9623275?
2
What is the ten millions digit of 155160575?
5
What is the thousands digit of 1697942130?
2
What is the tens digit of 271565425?
2
What is the tens digit of 111707561?
6
What is the hundred thousands digit of 2061383852?
3
What is the thousands digit of 57883463?
3
What is the hundred thousands digit of 1153704303?
7
What is the thousands digit of 74745496?
5
What is the millions digit of 3475667880?
5
What is the thousands digit of 175626649?
6
What is the hundred thousands digit of 23169217?
1
What is the hundreds digit of 29612505?
5
What is the units digit of 100547435?
5
What is the hundred thousands digit of 158191406?
1
What is the units digit of 256685714?
4
What is the units digit of 27675639?
9
What is the hundred millions digit of 1596059252?
5
What is the thousands digit of 223998212?
8
What is the millions digit of 1016014198?
6
What is the thousands digit of 116236348?
6
What is the hundreds digit of 12829309?
3
What is the millions digit of 1268003776?
8
What is the thousands digit of 26815766?
5
What is the units digit of 1041878817?
7
What is the thousands digit of 1024867310?
7
What is the ten thousands digit of 1335348181?
4
What is the millions digit of 222742347?
2
What is the ten thousands digit of 19750630?
5
What is the hundreds digit of 1177811177?
1
What is the millions digit of 887677415?
7
What is the units digit of 2885574421?
1
What is the hundreds digit of 10671913?
9
What is the hundreds digit of 180136792?
7
What is the hundred thousands digit of 271272464?
2
What is the units digit of 98873588?
8
What is the millions digit of 52321795?
2
What is the millions digit of 1770924959?
0
What is the hundred millions digit of 4603466988?
6
What is the hundred thousands digit of 186500178?
5
What is the thousands digit of 68874804?
4
What is the tens digit of 4951468241?
4
What is the ten thousands digit of 195817959?
1
What is the hundred thousands digit of 76814299?
8
What is the units digit of 49739268?
8
What is the ten thousands digit of 2540352707?
5
What is the hundred thousands digit of 24205078?
2
What is the hundred thousands digit of 18846899?
8
What is the hundred thousands digit of 135033159?
0
What is the thousands digit of 64655688?
5
What is the hundred millions digit of 8196569140?
1
What is the tens digit of 3118148452?
5
What is the hundred thousands digit of 178322065?
3
What is the hundreds digit of 318781039?
0
What is the hundred thousands digit of 8243874700?
8
What is the ten millions digit of 126866162?
2
What is the hundreds digit of 469670583?
5
What is the units digit of 385728548?
8
What is the tens digit of 1041064433?
3
What is the ten millions digit of 112757366?
1
What is the hundred thousands digit of 59710148?
7
What is the ten thousands digit of 31439381?
3
What is the hundreds digit of 2195214105?
1
What is the ten thousands digit of 75346034?
4
What is the tens digit of 50132002?
0
What is the millions digit of 1690120153?
0
What is the ten millions digit of 1930254629?
3
What is the hundred millions digit of 1142369630?
1
What is the hundred millions digit of 495919934?
4
What is the billions digit of 1918263087?
1
What is the ten thousands digit of 1609123128?
2
What is the tens digit of 267293164?
6
What is the ten millions digit of 118787996?
1
What is the hundred millions digit of 230956000?
2
What is the hundred millions digit of 580366842?
5
What is the millions digit of 132058302?
2
What is the tens digit of 44973370?
7
What is the hundred thousands digit of 464345313?
3
What is the units digit of 24664161?
1
What is the tens digit of 49532364?
6
What is the millions digit of 28611933?
8
What is the thousands digit of 52679475?
9
What is the units digit of 14077763?
3
What is the millions digit of 57528714?
7
What is the ten thousands digit of 332346427?
4
What is the hundred thousands digit of 2341485?
3
What is the hundreds digit of 157615938?
9
What is the units digit of 4274700888?
8
What is the hundred millions digit of 441510359?
4
What is the ten thousands digit of 868206513?
0
What is the units digit of 777868417?
7
What is the tens digit of 3937097154?
5
What is the hundreds digit of 399624391?
3
What is the ten millions digit of 112521076?
1
What is the ten thousands digit of 77115021?
1
What is the hundred millions digit of 3809098222?
8
What is the ten thousands digit of 98560830?
6
What is the tens digit of 1167590744?
4
What is the tens digit of 1123446241?
4
What is the ten thousands digit of 71227120?
2
What is the billions digit of 4468927679?
4
What is the ten millions digit of 1185652413?
8
What is the ten thousands digit of 20053770?
5
What is the units digit of 49484701?
1
What is the ten millions digit of 528084058?
2
What is the units digit of 23722581?
1
What is the hundred thousands digit of 161760197?
7
What is the hundred thousands digit of 123687313?
6
What is the tens digit of 614926950?
5
What is the hundred thousands digit of 616070931?
0
What is the units digit of 20155959?
9
What is the ten millions digit of 101823490?
0
What is the hundr